inder when 1732 is divided by 244.
24
Calculate the remainder when 321 is divided by 81.
78
Calculate the remainder when 7388 is divided by 112.
108
Calculate the remainder when 7703 is divided by 5.
3
What is the remainder when 200 is divided by 29?
26
What is the remainder when 15049 is divided by 70?
69
What is the remainder when 159 is divided by 18?
15
What is the remainder when 393 is divided by 85?
53
Calculate the remainder when 1071 is divided by 254.
55
Calculate the remainder when 447 is divided by 27.
15
What is the remainder when 626 is divided by 269?
88
Calculate the remainder when 91 is divided by 50.
41
What is the remainder when 52 is divided by 11?
8
What is the remainder when 59 is divided by 14?
3
What is the remainder when 91 is divided by 49?
42
Calculate the remainder when 418 is divided by 47.
42
What is the remainder when 104 is divided by 91?
13
What is the remainder when 66 is divided by 20?
6
Calculate the remainder when 2302 is divided by 48.
46
What is the remainder when 23 is divided by 5?
3
What is the remainder when 1250 is divided by 139?
138
Calculate the remainder when 635 is divided by 14.
5
What is the remainder when 168 is divided by 11?
3
What is the remainder when 2498 is divided by 1249?
0
What is the remainder when 236 is divided by 8?
4
What is the remainder when 70 is divided by 24?
22
What is the remainder when 285 is divided by 85?
30
What is the remainder when 3779 is divided by 70?
69
What is the remainder when 30 is divided by 9?
3
What is the remainder when 2654 is divided by 15?
14
Calculate the remainder when 344 is divided by 165.
14
Calculate the remainder when 501 is divided by 21.
18
Calculate the remainder when 87 is divided by 6.
3
Calculate the remainder when 5393 is divided by 142.
139
What is the remainder when 796 is divided by 14?
12
What is the remainder when 301 is divided by 257?
44
What is the remainder when 4893 is divided by 195?
18
What is the remainder when 6326 is divided by 9?
8
Calculate the remainder when 134 is divided by 27.
26
What is the remainder when 151 is divided by 24?
7
What is the remainder when 19684 is divided by 60?
4
Calculate the remainder when 1014 is divided by 35.
34
What is the remainder when 811 is divided by 102?
97
Calculate the remainder when 2615 is divided by 101.
90
What is the remainder when 2417 is divided by 41?
39
Calculate the remainder when 1548 is divided by 48.
12
Calculate the remainder when 2144 is divided by 19.
16
What is the remainder when 2998 is divided by 73?
5
What is the remainder when 11171 is divided by 3723?
2
What is the remainder when 4247 is divided by 2116?
15
Calculate the remainder when 44 is divided by 15.
14
What is the remainder when 230 is divided by 38?
2
What is the remainder when 16 is divided by 11?
5
What is the remainder when 31 is divided by 10?
1
What is the remainder when 9 is divided by 8?
1
What is the remainder when 6006 is divided by 3?
0
Calculate the remainder when 95 is divided by 48.
47
Calculate the remainder when 175 is divided by 24.
7
Calculate the remainder when 1980 is divided by 99.
0
What is the remainder when 197 is divided by 12?
5
Calculate the remainder when 1017 is divided by 37.
18
What is the remainder when 127 is divided by 28?
15
What is the remainder when 1537 is divided by 28?
25
Calculate the remainder when 2197 is divided by 50.
47
Calculate the remainder when 146 is divided by 22.
14
What is the remainder when 627 is divided by 15?
12
Calculate the remainder when 2799 is divided by 16.
15
What is the remainder when 40 is divided by 40?
0
What is the remainder when 452 is divided by 7?
4
Calculate the remainder when 101 is divided by 35.
31
What is the remainder when 1663 is divided by 9?
7
Calculate the remainder when 542 is divided by 196.
150
Calculate the remainder when 1796 is divided by 17.
11
What is the remainder when 122 is divided by 113?
9
What is the remainder when 218 is divided by 95?
28
What is the remainder when 909 is divided by 12?
9
Calculate the remainder when 392 is divided by 32.
8
Calculate the remainder when 781 is divided by 166.
117
Calculate the remainder when 528 is divided by 14.
10
What is the remainder when 795 is divided by 42?
39
Calculate the remainder when 198 is divided by 25.
23
Calculate the remainder when 8913 is divided by 1273.
2
Calculate the remainder when 566 is divided by 21.
20
Calculate the remainder when 402 is divided by 101.
99
What is the remainder when 107 is divided by 68?
39
What is the remainder when 332 is divided by 143?
46
What is the remainder when 443 is divided by 135?
38
What is the remainder when 223 is divided by 140?
83
Calculate the remainder when 183 is divided by 38.
31
What is the remainder when 165 is divided by 83?
82
What is the remainder when 41 is divided by 22?
19
Calculate the remainder when 821 is divided by 166.
157
What is the remainder when 150 is divided by 82?
68
What is the remainder when 1058 is divided by 43?
26
What is the remainder when 163 is divided by 64?
35
What is the remainder when 11779 is divided by 124?
123
What is the remainder when 701 is divided by 350?
1
What is the remainder when 580 is divided by 45?
40
Calculate the remainder when 1378 is divided by 92.
90
What is the remainder when 236 is divided by 95?
46
Calculate the remainder when 15834 is divided by 217.
210
What is the remainder when 44 is divided by 12?
8
Calculate the remainder when 1246 is divided by 29.
28
What is the remainder when 388 is divided by 128?
4
Calculate the remainder when 244 is divided by 1.
0
What is the remainder when 1147 is divided by 25?
22
Calculate the remainder when 915 is divided by 27.
24
Calculate the remainder when 1270 is divided by 179.
17
What is the remainder when 1933 is divided by 45?
43
Calculate the remainder when 3485 is divided by 124.
13
Calculate the remainder when 1139 is divided by 180.
59
What is the remainder when 761 is divided by 85?
81
Calculate the remainder when 509 is divided by 105.
89
Calculate the remainder when 357 is divided by 73.
65
Calculate the remainder when 2783 is divided by 199.
196
What is the remainder when 375 is divided by 65?
50
Calculate the remainder when 51 is divided by 31.
20
What is the remainder when 20 is divided by 12?
8
What is the remainder when 48 is divided by 46?
2
Calculate the remainder when 8062 is divided by 36.
34
Calculate the remainder when 77 is divided by 51.
26
What is the remainder when 74 is divided by 13?
9
Calculate the remainder when 404 is divided by 41.
35
What is the remainder when 965 is divided by 54?
47
Calculate the remainder when 262 is divided by 53.
50
What is the remainder when 1353 is divided by 1347?
6
Calculate the remainder when 43 is divided by 30.
13
Calculate the remainder when 191 is divided by 14.
9
Calculate the remainder when 38 is divided by 31.
7
What is the remainder when 76 is divided by 6?
4
What is the remainder when 11 is divided by 5?
1
Calculate the remainder when 660 is divided by 645.
15
What is the remainder when 1755 is divided by 58?
15
Calculate the remainder when 210 is divided by 72.
66
Calculate the remainder when 234 is divided by 127.
107
Calculate the remainder when 775 is divided by 84.
19
Calculate the remainder when 525 is divided by 205.
115
Calculate the remainder when 47 is divided by 13.
8
Calculate the remainder when 353 is divided by 9.
2
Calculate the remainder when 174 is divided by 60.
54
Calculate the remainder when 361 is divided by 13.
10
Calculate the remainder when 941 is divided by 29.
13
Calculate the remainder when 67 is divided by 65.
2
What is the remainder when 140 is divided by 29?
24
What is the remainder when 5358 is divided by 80?
78
What is the remainder when 1274 is divided by 11?
9
What is the remainder when 3301 is divided by 28?
25
What is the remainder when 715 is divided by 30?
25
Calculate the remainder when 14 is divided by 12.
2
Calculate the remainder when 3187 is divided by 1055.
22
What is the remainder when 4405 is divided by 15?
10
Calculate the remainder when 1709 is divided by 57.
56
Calculate the remainder when 7918 is divided by 90.
88
What is the remainder when 1452 is divided by 15?
12
Calculate the remainder when 29 is div